, 4*d = -h + 44. Is (g*3)/((-6)/h) a multiple of 8?
True
Let b = 9 - -27. Suppose a - 16 = -p + 10, 0 = 2*a - 2*p - b. Is a a multiple of 11?
True
Suppose 4*c = -3*j + 216, 5*c = 2*j - j - 91. Does 19 divide j?
True
Let z(b) = b - 4. Let j be z(6). Suppose -5*i + 1 = -j*v, 7*i - 2*i = 15. Does 6 divide v?
False
Let z(p) be the second derivative of p**5/20 - p**4/12 - p**3/3 - 2*p**2 - 3*p. Let l be z(4). Suppose 2*d = -d + l. Is d a multiple of 4?
True
Suppose 2*s + 3 - 17 = 0. Let r(y) = 0*y + 2*y + y - 9. Is 5 a factor of r(s)?
False
Let s = -5 - -9. Let o(j) be the third derivative of j**6/60 - j**5/10 + j**4/12 - 5*j**3/6 + 3*j**2. Does 14 divide o(s)?
False
Let i be (-9)/(-2) + 1/(-2). Suppose -3*l - 20 = b - 83, -2*l + 28 = -i*b. Does 10 divide l?
True
Suppose 0*n = -4*n + 28. Suppose -16 = -c + 2*t, 3*t = -1 + n. Does 10 divide c?
True
Suppose 5*i + 16 + 4 = 0. Let j = 0 - i. Suppose 2*z - 64 = -5*b + j*z, 0 = 5*b + 2*z - 56. Does 6 divide b?
True
Suppose -7 = 2*v - 3. Let h = v - -8. Let o(k) = 3*k - 9. Does 3 divide o(h)?
True
Let l be -2*(10/(-4) + 0). Suppose 2*g - 50 = -m, -l*m - 41 = -3*g - 239. Is 16 a factor of m?
False
Let v be 6*-2 - (9 + -12). Let n = 29 + v. Is 10 a factor of n?
True
Let c(t) = 7*t**3 - 2*t**2 + 1. Suppose 0 = 4*g - 2 - 2. Let s be c(g). Let a(m) = 3*m - 8. Is 4 a factor of a(s)?
False
Let c = 62 + -51. Is c a multiple of 11?
True
Let i = 539 - 361. Is 41 a factor of i?
False
Suppose 0 = u - 43 - 59. Is u a multiple of 15?
False
Suppose -3*v + 1548 = 6*v. Is 32 a factor of v?
False
Let u = -75 - -123. Does 8 divide u?
True
Is -1 - -18 - (-36)/(-18) even?
False
Let s(u) = u**2 + 5*u. Let y be 5/(-10) - 26/4. Is s(y) a multiple of 9?
False
Let g be (6/(-21))/(1/(-7)). Let s = 8 + g. Does 9 divide s?
False
Let r = -3 - -35. Is r a multiple of 5?
False
Let s(m) = 2*m - 3. Let n be s(3). Let v(b) = 2*b**2 - 2*b + 3. Is 7 a factor of v(n)?
False
Suppose -m + 3*h + 47 = -0*h, -4*m - 3*h = -263. Is 18 a factor of m?
False
Let h be 10/4 - (-2)/(-4). Suppose 2*b - 6*b = 0, 4*b - 10 = -h*y. Let r = y + 10. Does 15 divide r?
True
Suppose -2*o = 3*o + 5. Does 12 divide o*3/((-9)/93)?
False
Does 9 divide -15*(-3 - (-12)/(-20))?
True
Let v(x) = -x + 9. Let w be v(11). Is 12 a factor of -4 - -25 - (3 + w)?
False
Suppose -d - 5*o + 485 = 2*d, -4*d - 4*o + 644 = 0. Does 12 divide d?
False
Let u(n) = -n**2 + 30*n - 47. Does 13 divide u(25)?
True
Suppose 4*t + 7*s - 3*s - 8 = 0, -3*s = 0. Suppose 3*a = 2*c + 26, -t*c = -a - 0*c + 14. Is a/15 + 114/15 a multiple of 5?
False
Let o be 5 - 2/1 - 2. Is 2 a factor of -3*(7/(-3) + o)?
True
Let q(z) = 2*z - 2. Let g be q(2). Suppose -3*w + 9 = -5*x, 13 = -5*x - g. Is 10 a factor of 1 + (15 - -2) - w?
True
Suppose -a + 4*z - 8 = 0, 2*a - 26 = -5*z - 3. Is 40/(-50)*(-310)/a a multiple of 16?
False
Suppose -38 - 106 = -4*t. Is t a multiple of 17?
False
Let d = 13 - 6. Suppose h - d = -0. Does 5 divide h?
False
Let n(y) = 51*y**2 - 3*y - 2. Let i be n(-1). Suppose -2*g + 471 = 5*p + 42, -5*p + 426 = 3*g. Let z = p - i. Is z a multiple of 14?
False
Let v(o) = o**3 + 11*o**2 + 4*o - 11. Does 5 divide v(-8)?
False
Suppose 5 = 4*t - 15. Let p = t - -8. Is p a multiple of 11?
False
Let n(y) = 2 + 2*y**3 + y + 6*y**2 - 1 + 0*y**2 - 3*y**3. Is 22 a factor of n(5)?
False
Let x = 271 - 161. Suppose -2*t - 25 = -4*g - 85, -3*t + x = 4*g. Is 12 a factor of t/4*2/1?
False
Let z = 11 - -23. Is 10 a factor of z?
False
Suppose 0 = -0*r + r. Let f = 6 + r. Is 2 a factor of f?
True
Let v(h) = -h**2 + 12*h - 12. Is 8 a factor of v(10)?
True
Let n = 105 + -55. Does 12 divide n?
False
Suppose 9*l - l = 144. Let x = -6 - 0. Let f = l + x. Does 12 divide f?
True
Suppose 2*d + 4*c - 616 = 0, -2*d = -4*d - 3*c + 612. Does 15 divide d?
True
Let d(c) = -c - 2. Let o be d(-6). Suppose o = -2*q - 8. Let u = 27 + q. Does 7 divide u?
True
Suppose -5*q + 9 = -1. Suppose 0 = -5*v + q*v. Suppose 0 = -2*m - v + 22. Does 10 divide m?
False
Suppose 3*u + 2*y = 427, -4*u + y + 268 = -294. Is u a multiple of 10?
False
Suppose d + 3*n - 23 = 0, -3*d + 4*d - 43 = 2*n. Let k = -15 + d. Does 5 divide k?
True
Let f(d) be the first derivative of 13*d**2 + d + 1. Let n be f(2). Let j = n + -35. Is j a multiple of 9?
True
Suppose 4*c + 12 = -5*t, -2*c - 3*t - 14 = -3*c. Suppose -q + 4*q = 6. Suppose s = 0, m + c*s + q*s = 9. Is 9 a factor of m?
True
Suppose 0 = n - 10 + 22. Is 15 a factor of 1 - (3 + n*4)?
False
Suppose -16 = -2*h - 6. Let o = h + 4. Is 2 a factor of o?
False
Let y(g) = -2*g**2 + 12*g + 25. Let z(u) = -3*u**2 + 18*u + 37. Let a(n) = -7*y(n) + 5*z(n). Let q be a(7). Suppose 52 = q*k - 26. Is 16 a factor of k?
False
Suppose -4*l + l - 30 = 0. Is (5/l)/((-2)/92) a multiple of 9?
False
Let i(b) = -2*b**2 + 5*b + 6. Let f be i(-4). Let g = -13 - f. Does 11 divide g?
True
Suppose 4*r + 305 = 3*p, 0 = -3*r + 2 + 1. Does 13 divide p?
False
Suppose -3*a = 12, h - 4*h + 316 = -a. Suppose 0 = -3*y - 3*p + 87, 3*y - h = 2*p + 8. Is y a multiple of 9?
False
Suppose -5*i + 3*n - 7 + 2 = 0, 0 = 5*i + n + 25. Let z = -8 - -14. Does 2 divide i/z - (-51)/9?
False
Suppose -24 = -5*x + 3*w, 0 = -3*x - x + 4*w + 24. Let j = 5 - x. Suppose -i + 5 = u - 21, -i - 55 = -j*u. Is 9 a factor of u?
True
Let y(t) = t**2 - 2*t. Is 5 a factor of y(7)?
True
Suppose 0 = i + 2*i. Suppose -5*d + 4*t + 122 - 42 = 0, 5*t = i. Is 4 a factor of d?
True
Suppose -3*y - 2*m = 6, -m = 3*y + 3*m. Let z(v) = -2*v - 4. Let x be z(y). Is 6 a factor of 15 - x/(4/(-3))?
True
Let l be -3*1*110/(-33). Suppose 2*y - h = 42, 0 = 2*h + 3*h + l. Is y a multiple of 14?
False
Suppose -2*y = -0*y + 2*w - 6, 6 = -2*y + w. Let m(k) = -6*k - 1. Let z(r) = r. Let d(j) = m(j) - 4*z(j). Is d(y) a multiple of 4?
False
Let p(c) = 7*c - 4. Suppose 12 = -2*i + 4*i - 4*o, -5*i = -o - 12. Suppose 0 = 3*r + i*m - 10, -r - m = 2*m - 1. Does 17 divide p(r)?
False
Suppose 3*y - 4 - 8 = 0. Suppose -3*v = -3*h - 153, -v - y*h = -0*v - 36. Is v a multiple of 16?
True
Let g(y) = 5*y**3 + 2*y**2 - 4*y - 12. Let r(w) = -w**3 + w**2 + 1. Suppose 0 = 5*x - 20 - 0. Let o(v) = x*r(v) + g(v). Is 8 a factor of o(-6)?
True
Is 3/(-2) + 265/10 a multiple of 7?
False
Let f(x) = -x - 1. Let q be f(0). Let s(c) = -c**3 - 9*c**2 + 7*c + 12. Let j be s(-8). Does 18 divide (q/(-2))/((-3)/j)?
True
Let g be 3/5 - (-3)/(-5). Suppose -1 = -3*b + 4*n + 35, 2*b - n - 19 = g. Is 6 a factor of b?
False
Suppose h - 41 = -3*b + 18, -b - 2*h = -18. Let t(o) = o**2 + 11*o + 11. Let w be t(-10). Is 5 a factor of 2/8*w*b?
True
Is ((-6)/(-4) - 2)/((-14)/980) a multiple of 8?
False
Suppose 4*u - 8*u + 8 = 0. Let p be 40/u*2/4. Suppose -4*i = p - 86. Does 19 divide i?
True
Suppose -2*g + 5*t + 37 = -0*g, 2*t + 50 = 4*g. Suppose 3*o = 2*o + g. Is 4 a factor of o?
False
Suppose 118 = 2*f + 4*b - 62, 3*b - 478 = -5*f. Is 7 a factor of f?
True
Let w = -6 - -15. Let a = w - 6. Suppose a*h = -0*h + 45. Does 15 divide h?
True
Is 10 a factor of 163/3 + 3/(-9)?
False
Suppose -p = -f - f - 217, 4*f = -5*p + 1057. Suppose 5*b = -4*k + p + 1, 3*b = k + 125. Is b a multiple of 14?
True
Is 29 a factor of -1 + 2 + 86/1?
True
Suppose 4 - 69 = -5*v + 3*c, 4*v - c - 59 = 0. Is 5 a factor of v?
False
Let z = 4 - 6. Let j(p) = -9*p**3 - 3*p**2 - p. Let i be j(z). Suppose -5*q + 3*d + i = 0, 5*q - 38 = d - 4*d. Does 5 divide q?
True
Let l = 24 + -19. Suppose -5 = l*o - 50. Is 9 a factor of o?
True
Let q = 6 - 5. Let i = 5 - q. Suppose -3*u + 5*y + 13 = -12, i*u - 18 = -y. Is u a multiple of 5?
True
Suppose 0 = 3*a + 2*a - 115. Does 7 divide a?
False
Let s be -2*(-1 + (-324)/8). Is 34 a factor of s - (-3 + 3 - 2)?
False
Let b = -25 - -19. Is 25 a factor of 44 - b*3/6?
False
Let m(a) = a**2 - 1. Let k(d) = -4*d**2 + 6. Let n(u) = -k(u) - 5*m(u). Let s be n(0). Let h(z) = 9*z**2 - 1. Is h(s) a multiple of 8?
True
Let n(d) = -d - 4. Let i be n(5). Let m = i + 3. Let o(z) = -z - 1. Does 5 divide o(m)?
True
Let r(w) = -w**2 - 6*w - 2. Let n be r(-4). Let p be ((-6)/4)/(3/n). Is 4 a factor of (-25)/p - 1/3?
True
Let c = 84 - 40. Is 44 a factor of c?
True
Does 17 divide -3 + ((-107)/(-2) - (-4)/8)?
True
Let f(j) = -12*j - 30. Is f(-9) a multiple of 13?
True
Suppose 3*r + 3*r - 306 = 0. Is 19 a factor of r?
False
Let g(k) = k - 2. Let o be g(-6). Let s(